{"id":217,"date":"2023-05-26T08:50:16","date_gmt":"2023-05-26T08:50:16","guid":{"rendered":"https:\/\/jesuitgeneral.org\/sitio-web-conmemorativo-de-los-generales-jesuitas\/"},"modified":"2023-06-30T14:19:33","modified_gmt":"2023-06-30T14:19:33","slug":"sitio-web-conmemorativo-de-los-generales-jesuitas","status":"publish","type":"page","link":"https:\/\/jesuitgeneral.org\/es\/","title":{"rendered":"Sitio web conmemorativo de los generales jesuitas"},"content":{"rendered":"\n<section class=\"grey-2 p-top--large p-bottom--small\"><div class=\"container\"><h3 class=\"h3 text--center\">Jesuit Generals<\/h3>\n<nav class=\"row row--center row--extra-gutter p-top--small\">\n            <div class=\"col-6 col-xs-4 col-xl-3\">\n        <article class=\"general-card\" >\n            <figure class=\"general-card__image\">\n                <a href=\"https:\/\/jesuitgeneral.org\/es\/pedro-arrupe\/\" rel=\"bookmark\">\n                    <img decoding=\"async\" width=\"300\" height=\"300\" src=\"https:\/\/jesuitgeneral.org\/wp-content\/uploads\/2023\/05\/arrupe-portrait-300.jpg\" class=\"attachment-full size-full\" alt=\"\" loading=\"lazy\" srcset=\"https:\/\/jesuitgeneral.org\/wp-content\/uploads\/2023\/05\/arrupe-portrait-300.jpg 300w, https:\/\/jesuitgeneral.org\/wp-content\/uploads\/2023\/05\/arrupe-portrait-300-150x150.jpg 150w\" sizes=\"auto, (max-width: 300px) 100vw, 300px\" \/> \n                <\/a>\n            <\/figure>\n            <h4 class=\"general-card__title\"><a href=\"https:\/\/jesuitgeneral.org\/es\/pedro-arrupe\/\">Pedro Arrupe<\/a><\/h4>\n        <\/article>\n    <\/div>\n            <div class=\"col-6 col-xs-4 col-xl-3\">\n        <article class=\"general-card\" >\n            <figure class=\"general-card__image\">\n                <a href=\"https:\/\/jesuitgeneral.org\/es\/peter-hans-kolvenbach\/\" rel=\"bookmark\">\n                    <img decoding=\"async\" width=\"300\" height=\"300\" src=\"https:\/\/jesuitgeneral.org\/wp-content\/uploads\/2023\/05\/kolvenbach-portrait-300.jpg\" class=\"attachment-full size-full\" alt=\"\" loading=\"lazy\" srcset=\"https:\/\/jesuitgeneral.org\/wp-content\/uploads\/2023\/05\/kolvenbach-portrait-300.jpg 300w, https:\/\/jesuitgeneral.org\/wp-content\/uploads\/2023\/05\/kolvenbach-portrait-300-150x150.jpg 150w\" sizes=\"auto, (max-width: 300px) 100vw, 300px\" \/> \n                <\/a>\n            <\/figure>\n            <h4 class=\"general-card__title\"><a href=\"https:\/\/jesuitgeneral.org\/es\/peter-hans-kolvenbach\/\">Peter-Hans Kolvenbach<\/a><\/h4>\n        <\/article>\n    <\/div>\n            <div class=\"col-6 col-xs-4 col-xl-3\">\n        <article class=\"general-card\" >\n            <figure class=\"general-card__image\">\n                <a href=\"https:\/\/jesuitgeneral.org\/es\/adolfo-nicolas\/\" rel=\"bookmark\">\n                    <img decoding=\"async\" width=\"300\" height=\"300\" src=\"https:\/\/jesuitgeneral.org\/wp-content\/uploads\/2023\/05\/nicolas-portrait-300.jpg\" class=\"attachment-full size-full\" alt=\"\" loading=\"lazy\" srcset=\"https:\/\/jesuitgeneral.org\/wp-content\/uploads\/2023\/05\/nicolas-portrait-300.jpg 300w, https:\/\/jesuitgeneral.org\/wp-content\/uploads\/2023\/05\/nicolas-portrait-300-150x150.jpg 150w\" sizes=\"auto, (max-width: 300px) 100vw, 300px\" \/> \n                <\/a>\n            <\/figure>\n            <h4 class=\"general-card__title\"><a href=\"https:\/\/jesuitgeneral.org\/es\/adolfo-nicolas\/\">Adolfo Nicol\u00e1s<\/a><\/h4>\n        <\/article>\n    <\/div>\n    <\/nav><\/div><\/section>\n","protected":false},"excerpt":{"rendered":"","protected":false},"author":1,"featured_media":0,"parent":0,"menu_order":0,"comment_status":"closed","ping_status":"closed","template":"","meta":{"footnotes":""},"class_list":["post-217","page","type-page","status-publish","hentry","no-thumbnail"],"yoast_head":"<!-- This site is optimized with the Yoast SEO plugin v27.4 - https:\/\/yoast.com\/product\/yoast-seo-wordpress\/ -->\n<title>Sitio web conmemorativo de los generales jesuitas<\/title>\n<meta name=\"description\" content=\"Recordando a los Generales Jesuitas - biograf\u00edas, im\u00e1genes y documentos de los Superiores Generales de la Compa\u00f1\u00eda de Jes\u00fas\" \/>\n<meta name=\"robots\" content=\"index, follow, max-snippet:-1, max-image-preview:large, max-video-preview:-1\" \/>\n<link rel=\"canonical\" href=\"https:\/\/jesuitgeneral.org\/es\/\" \/>\n<meta property=\"og:locale\" content=\"es_ES\" \/>\n<meta property=\"og:type\" content=\"article\" \/>\n<meta property=\"og:title\" content=\"Sitio web conmemorativo de los generales jesuitas\" \/>\n<meta property=\"og:description\" content=\"Recordando a los Generales Jesuitas - biograf\u00edas, im\u00e1genes y documentos de los Superiores Generales de la Compa\u00f1\u00eda de Jes\u00fas\" \/>\n<meta property=\"og:url\" content=\"https:\/\/jesuitgeneral.org\/es\/\" \/>\n<meta property=\"og:site_name\" content=\"Jesuit Generals\" \/>\n<meta property=\"article:publisher\" content=\"https:\/\/www.facebook.com\/JesuitsGlobal\" \/>\n<meta property=\"article:modified_time\" content=\"2023-06-30T14:19:33+00:00\" \/>\n<meta name=\"twitter:card\" content=\"summary_large_image\" \/>\n<meta name=\"twitter:site\" content=\"@JesuitsGlobal\" \/>\n<script type=\"application\/ld+json\" class=\"yoast-schema-graph\">{\"@context\":\"https:\\\/\\\/schema.org\",\"@graph\":[{\"@type\":[\"WebPage\",\"ProfilePage\"],\"@id\":\"https:\\\/\\\/jesuitgeneral.org\\\/es\\\/\",\"url\":\"https:\\\/\\\/jesuitgeneral.org\\\/es\\\/\",\"name\":\"Sitio web conmemorativo de los generales jesuitas\",\"isPartOf\":{\"@id\":\"https:\\\/\\\/jesuitgeneral.org\\\/es\\\/#website\"},\"datePublished\":\"2023-05-26T08:50:16+00:00\",\"dateModified\":\"2023-06-30T14:19:33+00:00\",\"description\":\"Recordando a los Generales Jesuitas - biograf\u00edas, im\u00e1genes y documentos de los Superiores Generales de la Compa\u00f1\u00eda de Jes\u00fas\",\"breadcrumb\":{\"@id\":\"https:\\\/\\\/jesuitgeneral.org\\\/es\\\/#breadcrumb\"},\"inLanguage\":\"es\",\"potentialAction\":[{\"@type\":\"ReadAction\",\"target\":[\"https:\\\/\\\/jesuitgeneral.org\\\/es\\\/\"]}]},{\"@type\":\"BreadcrumbList\",\"@id\":\"https:\\\/\\\/jesuitgeneral.org\\\/es\\\/#breadcrumb\",\"itemListElement\":[{\"@type\":\"ListItem\",\"position\":1,\"name\":\"Home\",\"item\":\"https:\\\/\\\/jesuitgeneral.org\\\/es\\\/\"},{\"@type\":\"ListItem\",\"position\":2,\"name\":\"Sitio web conmemorativo de los generales jesuitas\"}]},{\"@type\":\"WebSite\",\"@id\":\"https:\\\/\\\/jesuitgeneral.org\\\/es\\\/#website\",\"url\":\"https:\\\/\\\/jesuitgeneral.org\\\/es\\\/\",\"name\":\"Jesuit Generals\",\"description\":\"Sitio web conmemorativo de los Superiores Generales jesuitas\",\"publisher\":{\"@id\":\"https:\\\/\\\/jesuitgeneral.org\\\/es\\\/#organization\"},\"potentialAction\":[{\"@type\":\"SearchAction\",\"target\":{\"@type\":\"EntryPoint\",\"urlTemplate\":\"https:\\\/\\\/jesuitgeneral.org\\\/es\\\/?s={search_term_string}\"},\"query-input\":{\"@type\":\"PropertyValueSpecification\",\"valueRequired\":true,\"valueName\":\"search_term_string\"}}],\"inLanguage\":\"es\"},{\"@type\":\"Organization\",\"@id\":\"https:\\\/\\\/jesuitgeneral.org\\\/es\\\/#organization\",\"name\":\"Compa\u00f1\u00eda de Jes\u00fas\",\"alternateName\":\"Jesuits\",\"url\":\"https:\\\/\\\/jesuitgeneral.org\\\/es\\\/\",\"logo\":{\"@type\":\"ImageObject\",\"inLanguage\":\"es\",\"@id\":\"https:\\\/\\\/jesuitgeneral.org\\\/es\\\/#\\\/schema\\\/logo\\\/image\\\/\",\"url\":\"https:\\\/\\\/jesuitgeneral.org\\\/wp-content\\\/uploads\\\/2023\\\/06\\\/logo-jesuits-global-500.png\",\"contentUrl\":\"https:\\\/\\\/jesuitgeneral.org\\\/wp-content\\\/uploads\\\/2023\\\/06\\\/logo-jesuits-global-500.png\",\"width\":500,\"height\":500,\"caption\":\"Compa\u00f1\u00eda de Jes\u00fas\"},\"image\":{\"@id\":\"https:\\\/\\\/jesuitgeneral.org\\\/es\\\/#\\\/schema\\\/logo\\\/image\\\/\"},\"sameAs\":[\"https:\\\/\\\/www.facebook.com\\\/JesuitsGlobal\",\"https:\\\/\\\/x.com\\\/JesuitsGlobal\",\"https:\\\/\\\/www.instagram.com\\\/JesuitsGlobal\\\/\",\"https:\\\/\\\/www.youtube.com\\\/channel\\\/UCpqwciWoMlKhXL1Ge3L6vug\\\/videos\"],\"mainEntityOfPage\":{\"@id\":\"https:\\\/\\\/jesuitgeneral.org\\\/es\\\/\"}}]}<\/script>\n<!-- \/ Yoast SEO plugin. -->","yoast_head_json":{"title":"Sitio web conmemorativo de los generales jesuitas","description":"Recordando a los Generales Jesuitas - biograf\u00edas, im\u00e1genes y documentos de los Superiores Generales de la Compa\u00f1\u00eda de Jes\u00fas","robots":{"index":"index","follow":"follow","max-snippet":"max-snippet:-1","max-image-preview":"max-image-preview:large","max-video-preview":"max-video-preview:-1"},"canonical":"https:\/\/jesuitgeneral.org\/es\/","og_locale":"es_ES","og_type":"article","og_title":"Sitio web conmemorativo de los generales jesuitas","og_description":"Recordando a los Generales Jesuitas - biograf\u00edas, im\u00e1genes y documentos de los Superiores Generales de la Compa\u00f1\u00eda de Jes\u00fas","og_url":"https:\/\/jesuitgeneral.org\/es\/","og_site_name":"Jesuit Generals","article_publisher":"https:\/\/www.facebook.com\/JesuitsGlobal","article_modified_time":"2023-06-30T14:19:33+00:00","twitter_card":"summary_large_image","twitter_site":"@JesuitsGlobal","schema":{"@context":"https:\/\/schema.org","@graph":[{"@type":["WebPage","ProfilePage"],"@id":"https:\/\/jesuitgeneral.org\/es\/","url":"https:\/\/jesuitgeneral.org\/es\/","name":"Sitio web conmemorativo de los generales jesuitas","isPartOf":{"@id":"https:\/\/jesuitgeneral.org\/es\/#website"},"datePublished":"2023-05-26T08:50:16+00:00","dateModified":"2023-06-30T14:19:33+00:00","description":"Recordando a los Generales Jesuitas - biograf\u00edas, im\u00e1genes y documentos de los Superiores Generales de la Compa\u00f1\u00eda de Jes\u00fas","breadcrumb":{"@id":"https:\/\/jesuitgeneral.org\/es\/#breadcrumb"},"inLanguage":"es","potentialAction":[{"@type":"ReadAction","target":["https:\/\/jesuitgeneral.org\/es\/"]}]},{"@type":"BreadcrumbList","@id":"https:\/\/jesuitgeneral.org\/es\/#breadcrumb","itemListElement":[{"@type":"ListItem","position":1,"name":"Home","item":"https:\/\/jesuitgeneral.org\/es\/"},{"@type":"ListItem","position":2,"name":"Sitio web conmemorativo de los generales jesuitas"}]},{"@type":"WebSite","@id":"https:\/\/jesuitgeneral.org\/es\/#website","url":"https:\/\/jesuitgeneral.org\/es\/","name":"Jesuit Generals","description":"Sitio web conmemorativo de los Superiores Generales jesuitas","publisher":{"@id":"https:\/\/jesuitgeneral.org\/es\/#organization"},"potentialAction":[{"@type":"SearchAction","target":{"@type":"EntryPoint","urlTemplate":"https:\/\/jesuitgeneral.org\/es\/?s={search_term_string}"},"query-input":{"@type":"PropertyValueSpecification","valueRequired":true,"valueName":"search_term_string"}}],"inLanguage":"es"},{"@type":"Organization","@id":"https:\/\/jesuitgeneral.org\/es\/#organization","name":"Compa\u00f1\u00eda de Jes\u00fas","alternateName":"Jesuits","url":"https:\/\/jesuitgeneral.org\/es\/","logo":{"@type":"ImageObject","inLanguage":"es","@id":"https:\/\/jesuitgeneral.org\/es\/#\/schema\/logo\/image\/","url":"https:\/\/jesuitgeneral.org\/wp-content\/uploads\/2023\/06\/logo-jesuits-global-500.png","contentUrl":"https:\/\/jesuitgeneral.org\/wp-content\/uploads\/2023\/06\/logo-jesuits-global-500.png","width":500,"height":500,"caption":"Compa\u00f1\u00eda de Jes\u00fas"},"image":{"@id":"https:\/\/jesuitgeneral.org\/es\/#\/schema\/logo\/image\/"},"sameAs":["https:\/\/www.facebook.com\/JesuitsGlobal","https:\/\/x.com\/JesuitsGlobal","https:\/\/www.instagram.com\/JesuitsGlobal\/","https:\/\/www.youtube.com\/channel\/UCpqwciWoMlKhXL1Ge3L6vug\/videos"],"mainEntityOfPage":{"@id":"https:\/\/jesuitgeneral.org\/es\/"}}]}},"_links":{"self":[{"href":"https:\/\/jesuitgeneral.org\/es\/wp-json\/wp\/v2\/pages\/217","targetHints":{"allow":["GET"]}}],"collection":[{"href":"https:\/\/jesuitgeneral.org\/es\/wp-json\/wp\/v2\/pages"}],"about":[{"href":"https:\/\/jesuitgeneral.org\/es\/wp-json\/wp\/v2\/types\/page"}],"author":[{"embeddable":true,"href":"https:\/\/jesuitgeneral.org\/es\/wp-json\/wp\/v2\/users\/1"}],"replies":[{"embeddable":true,"href":"https:\/\/jesuitgeneral.org\/es\/wp-json\/wp\/v2\/comments?post=217"}],"version-history":[{"count":1,"href":"https:\/\/jesuitgeneral.org\/es\/wp-json\/wp\/v2\/pages\/217\/revisions"}],"predecessor-version":[{"id":218,"href":"https:\/\/jesuitgeneral.org\/es\/wp-json\/wp\/v2\/pages\/217\/revisions\/218"}],"wp:attachment":[{"href":"https:\/\/jesuitgeneral.org\/es\/wp-json\/wp\/v2\/media?parent=217"}],"curies":[{"name":"wp","href":"https:\/\/api.w.org\/{rel}","templated":true}]}}

<section class="grey-2 p-top--large p-bottom--small"><div class="container"><h3 class="h3 text--center">Jesuit Generals</h3>
<nav class="row row--center row--extra-gutter p-top--small">
            <div class="col-6 col-xs-4 col-xl-3">
        <article class="general-card" >
            <figure class="general-card__image">
                <a href="https://jesuitgeneral.org/es/pedro-arrupe/" rel="bookmark">
                    <img decoding="async" width="300" height="300" src="https://jesuitgeneral.org/wp-content/uploads/2023/05/arrupe-portrait-300.jpg" class="attachment-full size-full" alt="" loading="lazy" srcset="https://jesuitgeneral.org/wp-content/uploads/2023/05/arrupe-portrait-300.jpg 300w, https://jesuitgeneral.org/wp-content/uploads/2023/05/arrupe-portrait-300-150x150.jpg 150w" sizes="auto, (max-width: 300px) 100vw, 300px" /> 
                </a>
            </figure>
            <h4 class="general-card__title"><a href="https://jesuitgeneral.org/es/pedro-arrupe/">Pedro Arrupe</a></h4>
        </article>
    </div>
            <div class="col-6 col-xs-4 col-xl-3">
        <article class="general-card" >
            <figure class="general-card__image">
                <a href="https://jesuitgeneral.org/es/peter-hans-kolvenbach/" rel="bookmark">
                    <img decoding="async" width="300" height="300" src="https://jesuitgeneral.org/wp-content/uploads/2023/05/kolvenbach-portrait-300.jpg" class="attachment-full size-full" alt="" loading="lazy" srcset="https://jesuitgeneral.org/wp-content/uploads/2023/05/kolvenbach-portrait-300.jpg 300w, https://jesuitgeneral.org/wp-content/uploads/2023/05/kolvenbach-portrait-300-150x150.jpg 150w" sizes="auto, (max-width: 300px) 100vw, 300px" /> 
                </a>
            </figure>
            <h4 class="general-card__title"><a href="https://jesuitgeneral.org/es/peter-hans-kolvenbach/">Peter-Hans Kolvenbach</a></h4>
        </article>
    </div>
            <div class="col-6 col-xs-4 col-xl-3">
        <article class="general-card" >
            <figure class="general-card__image">
                <a href="https://jesuitgeneral.org/es/adolfo-nicolas/" rel="bookmark">
                    <img decoding="async" width="300" height="300" src="https://jesuitgeneral.org/wp-content/uploads/2023/05/nicolas-portrait-300.jpg" class="attachment-full size-full" alt="" loading="lazy" srcset="https://jesuitgeneral.org/wp-content/uploads/2023/05/nicolas-portrait-300.jpg 300w, https://jesuitgeneral.org/wp-content/uploads/2023/05/nicolas-portrait-300-150x150.jpg 150w" sizes="auto, (max-width: 300px) 100vw, 300px" /> 
                </a>
            </figure>
            <h4 class="general-card__title"><a href="https://jesuitgeneral.org/es/adolfo-nicolas/">Adolfo Nicolás</a></h4>
        </article>
    </div>
    </nav></div></section>

<!-- This site is optimized with the Yoast SEO plugin v27.4 - https://yoast.com/product/yoast-seo-wordpress/ -->
<title>Sitio web conmemorativo de los generales jesuitas</title>
<meta name="description" content="Recordando a los Generales Jesuitas - biografías, imágenes y documentos de los Superiores Generales de la Compañía de Jesús" />
<meta name="robots" content="index, follow, max-snippet:-1, max-image-preview:large, max-video-preview:-1" />
<link rel="canonical" href="https://jesuitgeneral.org/es/" />
<meta property="og:locale" content="es_ES" />
<meta property="og:type" content="article" />
<meta property="og:title" content="Sitio web conmemorativo de los generales jesuitas" />
<meta property="og:description" content="Recordando a los Generales Jesuitas - biografías, imágenes y documentos de los Superiores Generales de la Compañía de Jesús" />
<meta property="og:url" content="https://jesuitgeneral.org/es/" />
<meta property="og:site_name" content="Jesuit Generals" />
<meta property="article:publisher" content="https://www.facebook.com/JesuitsGlobal" />
<meta property="article:modified_time" content="2023-06-30T14:19:33+00:00" />
<meta name="twitter:card" content="summary_large_image" />
<meta name="twitter:site" content="@JesuitsGlobal" />
<script type="application/ld+json" class="yoast-schema-graph">{"@context":"https:\/\/schema.org","@graph":[{"@type":["WebPage","ProfilePage"],"@id":"https:\/\/jesuitgeneral.org\/es\/","url":"https:\/\/jesuitgeneral.org\/es\/","name":"Sitio web conmemorativo de los generales jesuitas","isPartOf":{"@id":"https:\/\/jesuitgeneral.org\/es\/#website"},"datePublished":"2023-05-26T08:50:16+00:00","dateModified":"2023-06-30T14:19:33+00:00","description":"Recordando a los Generales Jesuitas - biografías, imágenes y documentos de los Superiores Generales de la Compañía de Jesús","breadcrumb":{"@id":"https:\/\/jesuitgeneral.org\/es\/#breadcrumb"},"inLanguage":"es","potentialAction":[{"@type":"ReadAction","target":["https:\/\/jesuitgeneral.org\/es\/"]}]},{"@type":"BreadcrumbList","@id":"https:\/\/jesuitgeneral.org\/es\/#breadcrumb","itemListElement":[{"@type":"ListItem","position":1,"name":"Home","item":"https:\/\/jesuitgeneral.org\/es\/"},{"@type":"ListItem","position":2,"name":"Sitio web conmemorativo de los generales jesuitas"}]},{"@type":"WebSite","@id":"https:\/\/jesuitgeneral.org\/es\/#website","url":"https:\/\/jesuitgeneral.org\/es\/","name":"Jesuit Generals","description":"Sitio web conmemorativo de los Superiores Generales jesuitas","publisher":{"@id":"https:\/\/jesuitgeneral.org\/es\/#organization"},"potentialAction":[{"@type":"SearchAction","target":{"@type":"EntryPoint","urlTemplate":"https:\/\/jesuitgeneral.org\/es\/?s={search_term_string}"},"query-input":{"@type":"PropertyValueSpecification","valueRequired":true,"valueName":"search_term_string"}}],"inLanguage":"es"},{"@type":"Organization","@id":"https:\/\/jesuitgeneral.org\/es\/#organization","name":"Compañía de Jesús","alternateName":"Jesuits","url":"https:\/\/jesuitgeneral.org\/es\/","logo":{"@type":"ImageObject","inLanguage":"es","@id":"https:\/\/jesuitgeneral.org\/es\/#\/schema\/logo\/image\/","url":"https:\/\/jesuitgeneral.org\/wp-content\/uploads\/2023\/06\/logo-jesuits-global-500.png","contentUrl":"https:\/\/jesuitgeneral.org\/wp-content\/uploads\/2023\/06\/logo-jesuits-global-500.png","width":500,"height":500,"caption":"Compañía de Jesús"},"image":{"@id":"https:\/\/jesuitgeneral.org\/es\/#\/schema\/logo\/image\/"},"sameAs":["https:\/\/www.facebook.com\/JesuitsGlobal","https:\/\/x.com\/JesuitsGlobal","https:\/\/www.instagram.com\/JesuitsGlobal\/","https:\/\/www.youtube.com\/channel\/UCpqwciWoMlKhXL1Ge3L6vug\/videos"],"mainEntityOfPage":{"@id":"https:\/\/jesuitgeneral.org\/es\/"}}]}</script>
<!-- / Yoast SEO plugin. -->

Recordando a los Generales Jesuitas - biografías, imágenes y documentos de los Superiores Generales de la Compañía de Jesús

Compañía de Jesús
